et k be n(x). Is (1754/3)/((40/(-12))/k) a prime number?
True
Let h be ((-10)/(-60)*3)/((-2)/12204). Let z = -244 - h. Is z a prime number?
False
Suppose 4*h - 57 = -4*p + 39, 69 = 4*p - 5*h. Let u(a) = 45*a + 11. Let x be u(p). Let g = x - 487. Is g composite?
True
Suppose -l = -2*y + 4, -5*y - 4*l + 6 = -2*y. Let g(r) = -3*r + 10*r**3 - 145 - 9*r**3 + 133 + 11*r**y. Is g(-9) a prime number?
False
Let v(z) = 17*z**3 + 3*z**2 + 72*z - 690. Is v(28) a composite number?
True
Let h = 714 - 714. Suppose h = -r + 769 + 2565. Is r a prime number?
False
Suppose -g + 2116 = -3*b, g + 2*b = 4*b + 2111. Let u = 3624 - g. Is u prime?
True
Let h(i) = -3*i**3 - 43*i**2 + 6*i - 61. Is h(-32) prime?
False
Let n = -162 - -165. Suppose -7126 = -o - 3*p, -n*o + 5*p + 21336 = -0*o. Is o a composite number?
True
Let x(g) = 25772*g**2 + 1386*g - 4145. Is x(3) composite?
False
Suppose -36*f = 2*f. Suppose f = -18*h + 117197 + 51697. Is h a composite number?
True
Let p(q) = -50*q + 18. Let y(r) = -25*r + 9. Let c(i) = 6*p(i) - 13*y(i). Let k = -911 + 919. Is c(k) a prime number?
True
Let z be (48/(-32))/((-9)/1056). Suppose -z + 2023 = u. Is u prime?
True
Let x(a) be the first derivative of a**4/2 - 10*a**3/3 - 5*a**2 - a - 1. Let v be (832/780)/((-4)/(-30)). Is x(v) composite?
True
Let s(m) = 43 + 8*m**2 + 56*m**3 - 21*m - 5 + 10 + 5. Is s(6) composite?
True
Suppose 1398729 = -8*z + 13*z + 2*r, -z + 279755 = 5*r. Is z prime?
False
Let h = -5708 + 9024. Suppose 13*o - 11*o = -h. Is (o/(-8))/(3/12) a composite number?
False
Let v(d) = -977*d**3 - 103*d**2 - 747*d - 7. Is v(-8) composite?
False
Let v(q) = 66*q + 203. Let o be v(-3). Suppose 0 = -c + o*j + 8704, 4*j - 17444 = -2*c + 2*j. Is c prime?
True
Let z(t) = -2*t**3 - 2*t - 1. Let b be z(-1). Suppose 81*h + b = 84*h. Is h + 2 + 1699 + 1/1 a prime number?
False
Let b be 4/(-18) - (-1340932)/18. Suppose -134602 = -5*a - 5*s - 41492, 0 = 4*a - 4*s - b. Is a prime?
False
Suppose -21*a = -29*a - 24. Is (1/(8/12))/(a/(-6034)) a composite number?
True
Suppose 33 = -9*b + 15. Let r be -1 + (1 - 8/b). Suppose -3581 - 3975 = -r*v. Is v a composite number?
False
Let o be (-15)/(-2)*72/30. Is 22 - o - (-2)/(-2) - -5846 a prime number?
True
Let m be 4/7 - 140/(-98). Suppose m*k + 5*d - 17579 = 0, -k - 2*d + 8503 = -285. Is k composite?
True
Let n = -42058 - -78201. Is n a prime number?
False
Suppose 297*o + 1524728 - 5471692 = 5*o. Is o prime?
False
Suppose 0 = -4*k + 2*t + 71798, 4*t - 71802 = -4*k + 2*t. Suppose -5*a + i = -4*i - k, 3*a - 10775 = 2*i. Is a a prime number?
False
Suppose 2*q + 20 = 32. Suppose q = 3*k - k. Is k + (-3 - -2) + 1347 a composite number?
True
Let r(n) = n**3 + 48*n**2 + 13*n - 3. Let c(x) = -2*x**2 + 10*x - 29. Let g be c(6). Is r(g) prime?
False
Suppose 0 = -5*r + l + 1728568, 36*r = 34*r - 3*l + 691451. Is r prime?
False
Suppose 2*g = 5*l - 28256, g + 5650 = -2*l + 3*l. Let h = 3787 - l. Let m = -1234 - h. Is m prime?
True
Let h(w) = -216*w**3 + 89*w**2 + 18*w + 70. Is h(-21) a prime number?
False
Suppose 0 = 56*w - 18*w - 5791846. Is w a prime number?
True
Let r(o) = -1409*o - 55. Let b be r(-1). Suppose 7*u - 14955 + b = 0. Is u a composite number?
True
Is (-132096)/(24/(-8)) - 15 composite?
False
Let j(x) = 29261*x - 30. Is j(3) a composite number?
True
Is ((-146191)/(-3))/(68/204) a prime number?
True
Suppose 5*k = 4*r - 165506, 4*k - 165524 = -9*r + 5*r. Suppose 4*d = 7*d - r. Is d a composite number?
True
Let g = -116 + 263. Suppose 152*y = g*y + 42495. Is y a prime number?
False
Suppose 4*z + 99 = -57. Let v be 2129/3 - (3 + z/9). Suppose -10*w + 859 + v = 0. Is w prime?
True
Is (-1768417840)/(-4412) + ((-6)/(-8))/(2/8) a prime number?
True
Suppose 5*n - 5*w = 646015, w + 0*w = 5*n - 646011. Is n a prime number?
False
Let c be 2/14 - 100/(-35). Suppose -16 - 35 = -c*z. Suppose 3898 = z*d - 15*d. Is d prime?
True
Let m be (-3)/((-9)/(-15)) + 5. Suppose 13*u - 11*u + 0*u = m. Suppose -5*x - 4*o + 1273 = u, -3*x - 3*o + o = -765. Is x a composite number?
False
Suppose -80 + 8 = -9*k. Let b(q) = 1586*q**2 - 29*q + 87. Is b(k) a composite number?
False
Let w = -693665 + 1732462. Is w a prime number?
True
Let l = 721590 - 1697. Is l a composite number?
False
Suppose -1812 = 35*q - 32*q. Let a(r) = r**2 + 3*r. Let s be a(-3). Is s - (q/4 - -2) composite?
False
Suppose 3*z - 8888 = -2*b, 2*b - 5*z + 17776 = 6*b. Let s = -2874 + b. Suppose -s + 224 = -2*p. Is p a composite number?
False
Suppose 0 = -4*i + q + 225369, -5*i + 6*q + 281724 = 9*q. Suppose -19*l = -45516 - i. Is l composite?
True
Suppose 5*k - 347 = 2*c - 1556, -3*k = -5*c + 3013. Let a = c + -326. Let j = a - 85. Is j a composite number?
False
Is (-31345)/2*20/(-25) a composite number?
True
Let t(r) be the third derivative of r**4/24 + 5*r**3/6 - 4*r**2. Let q be t(7). Suppose -11*z = -q*z + 491. Is z prime?
True
Let j(b) = -1169*b - 7065. Is j(-28) a composite number?
False
Suppose 4*n = -p + 12, -5*p = n - 5*n - 12. Suppose n*t + 4*y = 22374, -5 = -2*y - 3. Is t a prime number?
False
Let z(k) = 3010*k**2 + k + 22. Is z(-9) a prime number?
False
Let v(f) = -9*f**3 - 14*f**2 - 21*f + 12. Let c(y) = 26*y**3 + 42*y**2 + 62*y - 35. Let h(k) = -3*c(k) - 8*v(k). Is h(-11) a prime number?
False
Let v(b) = 848*b**2 + 21*b - 6. Is v(4) composite?
True
Is -9 + ((-312)/(-6)*8521 - -6) composite?
False
Suppose -6*i + 155 + 1933 = 0. Let j = i + 1361. Is j composite?
False
Let u = -633658 - -942611. Is u prime?
False
Let b = 15969 + 1180. Is b prime?
False
Let u(q) = 73*q**2 - 17*q + 1387. Is u(-30) prime?
False
Let s(x) = 38*x + 623. Let t be s(0). Let y be (-201)/(-2)*(-3 - -1). Let w = y + t. Is w prime?
False
Let u = -36 - -40. Suppose -u*m = -b - 8*m + 55, 4*m = -5*b + 195. Suppose 2*q = 467 + b. Is q a prime number?
True
Suppose -202*o + 2397535 = 2523255 - 9446404. Is o composite?
True
Let q(s) = 1680*s**2 + 127 - 1680*s**2 + s**3 - 2*s. Is q(0) composite?
False
Let a(n) be the first derivative of n**2/2 + 257*n + 8. Let t(r) = r**3 + 6*r**2 - 8*r - 7. Let z be t(-7). Is a(z) a prime number?
True
Let k(q) = 594*q - 118. Let z(f) = 891*f - 177. Let j(b) = 8*k(b) - 5*z(b). Is j(24) a prime number?
True
Let x = -4 + 16. Let m(c) = 1 + 0*c**2 + x*c**2 + 2*c - 16*c + 3*c**2. Is m(10) composite?
False
Suppose 358*c = 401*c - 1676527. Is c prime?
False
Suppose 8*t - 72 = -0. Let c(l) = -l + 9. Let m be c(t). Suppose -3*d - 5903 = b - 2*b, 2*b + d - 11806 = m. Is b composite?
False
Let d(w) = -w**3 - 22*w**2 + w - 42. Let r be d(-16). Let z = -851 - r. Is z a prime number?
True
Let f = -8921 + 50778. Is f a composite number?
True
Suppose 91*z - 9229 = 80*z. Is z a composite number?
False
Let y be (8*9/24)/((-1)/1). Is (-7059)/y + 78/13 a prime number?
False
Let j = -3220 - -190661. Is j a composite number?
False
Let i be ((-7)/21)/((-1)/4749). Suppose 5*x + i = 3*j, -x - 201 - 112 = 3*j. Is (-1)/(-2*(-2)/x) a composite number?
False
Suppose 0 = -157*i + 20874912 - 6425731. Is i a composite number?
False
Let t be (-1)/(7/14) + -3145. Let j = -1604 - t. Is j a composite number?
False
Suppose -4*m + 510679 = 290*k - 289*k, 3*k = -4*m + 510685. Is m a prime number?
True
Let c = -39 + 33. Let r(m) = 26*m**2 + 8*m + 8. Let a be r(c). Suppose t + j = -0*j + 449, -j + a = 2*t. Is t composite?
True
Let o be 2/(-7) - 120/21. Let s(q) = -50*q - 62. Let d(j) = -101*j - 111. Let w(t) = 3*d(t) - 5*s(t). Is w(o) composite?
True
Is 1 - 769406/(-4) - 151/(-302) composite?
True
Suppose 213035163 = 54*a + 10550979 - 31270206. Is a composite?
True
Suppose 0 = 11*a - 8*a + 93. Let p = 884 + a. Let t = p + -410. Is t a prime number?
True
Suppose -2*w + 93766 = -4*n, 144824 + 89526 = 5*w + 3*n. Suppose 0 = -5*u - 3*j + w, 35754 = 4*u - 5*j - 1774. Is u prime?
True
Suppose 2*g - 18212 = -1098. Let m = 2130 + g. Is m prime?
True
Let u be 41/13 + 26/(-169). Suppose -u*o - 3*t - 211 = -7*o, 5*t - 125 = -2*o. Is o prime?
False
Let f = 1183 + -1989. Let v be -9*4/(-24)*(1331 + -13). Let c = v + f. Is c composite?
False
Suppose -112313 = 5*h + 2*v, 6*v = -5*h + 3*v - 112317. Let d = -12560 - h. Is d prime?
True
Is 45/6*(-13900988)/(-1090) prime?
False
Suppose 0 = 5*n + 5*x - 168510, -168*x - 134809 = -4*n - 171*x. Is n a prime number?
True
Suppose -128*h = -142*h - 48756